ctor of 13 and y?
13
Let y(x) = x**2 - 7*x - 7. Let j be y(8). Let v be 1/4 - 95/(-20). Calculate the highest common factor of j and v.
1
Suppose 4*b + 4 = -12, t + 2*b = 1. Calculate the greatest common factor of 3 and t.
3
Let l(x) = -x + 13. Let t be l(11). Suppose 0*o + 12 = o - 2*n, t*o - 5*n - 27 = 0. Suppose -8 = -o*m + 2*m. Calculate the highest common factor of m and 16.
2
Let k(d) = -5*d**2 + 5 - d**2 + 4*d**2 + 7*d + d**2. Let a be k(7). Calculate the highest common factor of 2 and a.
1
Let k = 30 + -18. What is the greatest common factor of k and 12?
12
Suppose 90 = -2*r + 3*r. Suppose 40 = 2*a + d, 5*a + 2*d + 43 - 141 = 0. Calculate the highest common divisor of a and r.
18
Let j = -35 - -60. Let v = -4 + 14. What is the highest common factor of j and v?
5
Suppose 3 = -5*c + 3*p, p = -3*c - p + 2. Let r(s) = -s**3 + s**2 - s + 54. Let j be r(c). What is the greatest common divisor of j and 6?
6
Let m = -242 - -362. Calculate the greatest common factor of 24 and m.
24
Let b(c) = -c**2 + 12*c - 15. Let h be b(10). Suppose h*v - 68 = -4*x + v, -3*v = -x + 1. What is the highest common factor of 104 and x?
13
Let b be (-1)/(-3) + 40/6. Let y be (-12 - (4 + -2))/(-1). Calculate the highest common factor of y and b.
7
Suppose 3*i + 53 = 5. Let v be (-244)/i + 3/4. Let w be 433/3 + 9/(-27). What is the greatest common factor of v and w?
16
Let a be 8*(9/(-6))/(-3). Suppose a*n - 187 + 7 = 0. What is the greatest common factor of 18 and n?
9
Let b be 259/28 - (15/12 - 1). What is the highest common factor of b and 36?
9
Suppose 2*v + 107 = 331. Let n = 2 - 2. Suppose n*m = -m + v. What is the highest common divisor of m and 16?
16
Suppose -l = -2*l - 3*s + 20, -4*l = -2*s - 24. What is the highest common divisor of 8 and l?
8
Suppose 5*a - 4*a - 4 = 0. Suppose a*f = 3*s + 76, 5*s + 5*f + 40 = 2*s. Let o = -7 - s. What is the highest common factor of o and 104?
13
Let p(c) = -c + 10. Let k be p(7). Suppose 0 = 4*x - 3*v + 63, 3*x - k*v + 51 = -0*v. Let l be 2 - 2 - 1*x. Calculate the greatest common factor of 132 and l.
12
Let h be (4 + -14)/(1 - 0). Let q be (3 + (-18)/h)*5. Let n be 2/(-5) + 64/10. Calculate the highest common factor of q and n.
6
Let w(c) = c + 10. Let l be w(-6). Suppose 3*t = l*t. Suppose t*o = 3*o - 36. What is the greatest common divisor of o and 12?
12
Let g be (-114)/(-21) + (-3)/7. Suppose 0 = -g*u - u + 30. Calculate the highest common factor of 40 and u.
5
Let u(w) = 0*w + 1 - w - 1 + 4. Let q be u(3). Let n be (2/5)/(q/35). Calculate the greatest common divisor of 56 and n.
14
Suppose 0 = -4*w + 2*t - 5*t, 2*w = -t. Suppose -z + 2 + w = 0. Let a be (-1)/(z*(-1)/10). What is the highest common divisor of a and 1?
1
Let n(r) = -2 + 2 - r - 6. Let w be n(0). Let b = 28 + w. Calculate the highest common divisor of 33 and b.
11
Let s(b) = 51*b**3 - 3*b + 2. Let z be s(1). What is the greatest common divisor of z and 125?
25
Suppose 2*c = -2 + 46. Suppose 0 = 4*a - 106 + c. Calculate the highest common divisor of a and 14.
7
Let j be (2/3)/(4/6). What is the greatest common divisor of 8 and j?
1
Suppose -c = 5*n - 3, c - 3 = -0*n - 3*n. Suppose -4*k + 5*k - 18 = n. Calculate the highest common divisor of k and 144.
18
Let a(x) = -2*x**2 + 10. Let l be a(0). What is the greatest common divisor of l and 15?
5
Let l(h) = h**2 - 4*h + 2. Let x be l(4). Suppose x*k = 3*k - 27. Let i be 1*(0 - 3/(-1)). What is the greatest common divisor of k and i?
3
Let o be (-55 + 1)*(0 + -1). Suppose 5*y - 25 = -0*y. Suppose -y*b - 4*v - 17 + 47 = 0, -18 = -3*b + v. What is the greatest common factor of b and o?
6
Let a be -7 - (8/2 + -5). Let q = a - -28. What is the highest common factor of q and 33?
11
Suppose -31*m = -28*m - 15. Calculate the greatest common divisor of m and 10.
5
Let f be (0 + 150/(-9))*-3. Suppose -5*o = 3*y - f, 0 = 4*y - 5*o - 26 + 6. What is the greatest common divisor of y and 60?
10
Let a(u) = u - 6. Let c be a(4). Let m be (-29)/c - (-3)/(-6). Calculate the greatest common divisor of 56 and m.
14
Let u be 3/2*30/9. Suppose u*t = -20, -4*y + 5*y - 32 = 2*t. Let x(q) = 2*q**2 + 6*q - 8. Let i be x(-7). Calculate the highest common factor of y and i.
24
Let u = -4 - -5. Let j = u + 3. Calculate the greatest common factor of j and 12.
4
Suppose 0 = -3*i - 5*a + 41, -i - 5*a + 7 = -2*a. Suppose -i = -m - m. Let c = 36 + -14. Calculate the greatest common factor of m and c.
11
Let z(m) = 10*m - 12. Let f be z(6). What is the highest common divisor of f and 6?
6
Let k = 237 - 138. Let s be (-12)/30 + 122/5. Let h = s - 13. Calculate the greatest common factor of h and k.
11
Let p = 62 + -20. Calculate the highest common factor of 6 and p.
6
Let p be (-75)/(-11) - (-14)/77. Suppose 4*f = 5*f - 49. What is the highest common factor of f and p?
7
Let v(l) = 3*l - 2. Let b be v(2). Suppose -4*u = 4, -3*s = b*u - 1 - 13. What is the greatest common divisor of 42 and s?
6
Suppose -7*d = 3*q - 2*d - 73, -4*d = 4. Calculate the greatest common factor of 13 and q.
13
Let k be (-5537)/56 - (-1)/(-8). Let j = -9 - k. What is the highest common divisor of j and 60?
30
Let t(w) be the second derivative of 0 + 1/2*w**2 - 2*w + 4/5*w**5 + 1/12*w**4 - 1/3*w**3. Let m be t(1). What is the greatest common factor of m and 144?
16
Let s = -123 + 241. Suppose -4*n - s = -9*n - 3*p, -74 = -3*n - 5*p. Let u be -1 + n - (5 - 3). What is the highest common factor of 10 and u?
10
Suppose 2*u = -4*z + 102, 5*z + 5*u - 80 - 55 = 0. Calculate the highest common factor of 8 and z.
8
Suppose -21 - 33 = -6*r. Calculate the greatest common factor of r and 126.
9
Suppose 0 = 5*t - 9*t + 84. Calculate the greatest common factor of t and 21.
21
Suppose i - 143 = -3*p, -p + 143 = i - 0*p. Suppose 3*h - 27 = 12. Calculate the greatest common divisor of i and h.
13
Let s(j) = -2*j + 4. Let t be 3*-1 - (-2 + 2). Let a be s(t). Calculate the highest common divisor of a and 90.
10
Let r = 276 - -52. Suppose 2*d - 4 = 0, 2*d + r = 5*y + d. Calculate the greatest common factor of y and 44.
22
Suppose 0 - 6 = 3*w, -5*w + 287 = 3*p. Let y = 31 - 20. What is the greatest common factor of p and y?
11
Let n = -52 + -24. Let u be (1310/(-15))/(2/(-3)). Let a = n + u. What is the highest common divisor of a and 5?
5
Let b = 68 + 37. Suppose 2*r = 3*g - 302, -5*r + b = 3*g - 232. Let p = 7 + 6. What is the greatest common factor of p and g?
13
Let q(f) = f**3 + 3*f**2 - 2*f + 1. Let l be q(-3). Let o = -4 + 6. Let b be 387/l + o/(-7). What is the highest common factor of b and 22?
11
Suppose 1 + 71 = 2*c. Suppose -2*u + 28 = l, -4*l + c = 5*u - 31. Suppose 2*m - 10 = -0*m. What is the greatest common divisor of u and m?
5
Let l = -25 - -85. Suppose 3*j - 109 = -0*j - 5*c, -2*j = -3*c - l. Calculate the highest common divisor of 11 and j.
11
Suppose 52 = -4*p + 172. Calculate the greatest common divisor of p and 10.
10
Suppose -25 = -5*c + 20. Let j be (1440/(-100))/(2/(-10)). What is the greatest common factor of c and j?
9
Suppose a + 5*i = -119, -3*i + 179 = -4*a - 297. Let l = a + 184. Let v(h) = 14*h - 2. Let m be v(2). What is the greatest common divisor of m and l?
13
Let l(v) = v**2 + 4*v + 4. Let o(m) = -m**3 - 3*m**2 + m - 1. Let s be o(-3). Let q be l(s). Let d = q - 2. Calculate the highest common factor of 2 and d.
2
Let f be 2*10/(-4)*5. Let o = -10 - f. Let h be (6/4)/(3/6). Calculate the greatest common divisor of o and h.
3
Let o(r) = -r**2 - 1. Let v(f) = 4*f**2 + f - 4. Let b(n) = -5*o(n) + v(n). Let y be b(-2). Let k = 4 - -1. What is the greatest common divisor of y and k?
5
Suppose f + 100 = 3*l + 2*l, -4*f + 104 = 4*l. What is the greatest common divisor of 126 and l?
21
Let j = -7 - -15. Calculate the greatest common divisor of j and 2.
2
Suppose -2*m = -m - 30. Suppose 4*b - 4 = 2*v, 5*v - 4*b = 4 - 8. Suppose m = t - v*t. What is the highest common factor of 20 and t?
10
Suppose 0*r - 3*r = 9. Let o = r + 5. Let u(p) = p**3 - 2*p**2 + 2*p + 1. Let f be u(o). What is the greatest common factor of 20 and f?
5
Suppose 0 = -4*d - 8 - 0. Let o(s) = -2*s - 1. Let q be o(d). Suppose 10 = 3*h + 1. Calculate the highest common factor of q and h.
3
Let o be 98/343 - 68/(-7). Suppose -5*s = -2*s - 6, 450 = 4*i + 5*s. Calculate the highest commo